 + 37*y - 326. What is the tens digit of o(23)?
5
Suppose -1616 - 468 = -2*i - 2*b, 0 = i - b - 1048. What is the tens digit of i?
4
Let t = 980 - -1374. What is the thousands digit of t?
2
Let q be ((-6)/4)/(15/20). Let m be (-2)/q*(-7 - -10). Let l(n) = n**2 - 2*n. What is the units digit of l(m)?
3
Let r be 12/2 - (-2 - 2). Let q = r + -6. Suppose 0*l = -q*l + 144. What is the tens digit of l?
3
Suppose 0*t = 4*t + 2*y - 6924, -3460 = -2*t - 2*y. What is the units digit of t?
2
Let a = 100 + 98. Suppose q - 5*u + 291 = 5*q, -a = -3*q + 3*u. What is the units digit of q?
9
Let x be (0 + 1)*(3 - -3). Let w = 35 + x. What is the units digit of w?
1
Suppose 4*n = -2*p + 1534, -8*n + 3068 = 4*p - 3*n. What is the units digit of p?
7
Let u(i) = -52*i - 4. Let k = -34 + 33. What is the units digit of u(k)?
8
Let l(o) = -6*o - 6. Let k be l(-5). Let z = 17 - k. Let j = z + 13. What is the units digit of j?
6
What is the units digit of 22/6*(-1062)/(-6)?
9
Let k be (-1 - 464/(-7)) + (-80)/280. What is the tens digit of (-3 - (-4 - 1))*k/2?
6
Let s(j) = -j**2 + 12*j - 9. Let y be s(9). Suppose 2*p + 2*l = 6, -l = -2*p + l + y. Suppose w - p - 3 = 0. What is the units digit of w?
9
Suppose 19830 = -11*w + 41*w. What is the tens digit of w?
6
Suppose -910 = -24*m + 4730. What is the tens digit of m?
3
Suppose 19*k - 5240 - 9580 = 0. What is the hundreds digit of k?
7
Suppose 0 = 2*f - 2*h - 9008, -f + 3*h + 3181 = -1327. What is the hundreds digit of f?
5
Let f = -1142 + 2078. What is the hundreds digit of f?
9
Let w = -1 - -2. Let z = 6 - w. Suppose 2 = 2*g, -z*g + 4*g - 47 = -2*l. What is the tens digit of l?
2
Let u(m) = m**3 - 19*m**2 - 2*m + 8. Let p be u(19). Suppose 5*h - 55 = -3*j, h = 6*h - 25. What is the units digit of p*(32/j)/(-4)?
4
Suppose -99 = -n + 3. Suppose 2*u + 28 - n = 0. Suppose -4*l + 67 = -u. What is the tens digit of l?
2
Let d(b) be the second derivative of b**4/12 - 4*b**3/3 - 2*b**2 + 5*b. What is the tens digit of d(-5)?
6
Suppose 2*z + 2*f = 3*z - 14, 4*f + 56 = 4*z. What is the hundreds digit of ((-152)/56 - -3) + 2698/z?
1
Let n(v) = 161*v**2 - 42*v. What is the hundreds digit of n(2)?
5
Let s = -8 - -12. Let t = 6 - s. Suppose f + d - 29 = 0, 0 = -5*f + t*d - 4*d + 142. What is the tens digit of f?
2
Let l(q) = 10*q - 2. Let i be l(-3). Let f = i - -34. What is the units digit of f?
2
Suppose 0 = -5*a - 5, -13 = 4*b + a - 48. Let u be (4 + -5*32)*(-6)/(-12). What is the units digit of 2/6 - u/b?
9
Let r(h) = h**3 - h + 324. What is the hundreds digit of r(0)?
3
Suppose -3*r + 4*b = -318, -2*r - 3*b + 318 = r. Suppose 3*y - r = 404. What is the tens digit of y?
7
Let a be 54/(-1)*(-80)/15. Let c = a + -155. What is the hundreds digit of c?
1
What is the units digit of 38952/45 + 2*3/15?
6
Let r(y) = 20*y + 27. Let d(g) = 10*g + 14. Let z(s) = 5*d(s) - 3*r(s). Let j be z(-5). Suppose u = -1 + j. What is the tens digit of u?
3
Let z = 638 + -255. What is the units digit of z?
3
Suppose -6 = -3*t + x, 2*x + 8 + 0 = 4*t. Suppose -t*p + 56 = 6*p. What is the units digit of p?
7
What is the thousands digit of 47025/44 + (-5)/(-100)*5?
1
Let i(z) = 3*z**3 + z**2 - z. Let g be i(1). Suppose 5*c - 4*c + g*n - 50 = 0, -215 = -3*c + 4*n. What is the tens digit of c?
6
Suppose -6*o + o = u - 2329, 2*o - 934 = -u. What is the units digit of o?
5
Let q(n) = 16*n - 48. Suppose 3*t - 5*t = 4*p - 72, -60 = -5*p + 5*t. What is the units digit of q(p)?
8
Let t(m) = 5*m + 5*m + 6*m**2 - m**3 - 5*m + 11 + 0*m**2. Let k be t(7). What is the units digit of (k/(-12))/((-1)/(-124))?
1
Let v(h) = 10*h**2 + 12*h - 91. What is the units digit of v(9)?
7
Let d(h) = 4*h**3 - 2*h + 55. Let w(k) = 5*k**3 - 2*k + 55. Let i(j) = 4*d(j) - 3*w(j). What is the units digit of i(0)?
5
Suppose -2*t = 5*g - 10, 4*t + 6 = g + 2*g. What is the tens digit of 3 - (g/(-4)*254)/1?
3
Let l = 160 - 83. Let f = -10 - -12. Suppose 5*o - f*s = l, -4*s + 3 = -7*s. What is the tens digit of o?
1
Suppose 2*m - 7*m - 170 = -3*i, 3*i + 2*m - 184 = 0. What is the units digit of i?
0
Suppose -4*q + 140 = 3*o, 3*q - q - 224 = -5*o. Suppose o = 44*c - 42*c. What is the units digit of c?
2
Suppose 30 = -318*b + 320*b. What is the tens digit of b?
1
Let y(x) = -x**3 + 9*x**2 + 10*x - 10. Let u be y(10). Let b be (-38)/(-3) - u/(-15). What is the units digit of ((-15)/(-6))/(1/b)?
0
Suppose -5537 = -2*u + 2*p - 1797, -5*p + 10 = 0. What is the hundreds digit of u?
8
Let j = -3 - -204. Let s = j - -67. What is the hundreds digit of s?
2
Suppose 5*x = 29 + 21. Let c = 13 - x. Suppose 1 = c*h - 50. What is the units digit of h?
7
Let d = -118 - -508. What is the units digit of d?
0
Suppose 4*j + 4*x = 1124, -4*j + 0*x + 1089 = -3*x. What is the hundreds digit of j?
2
Suppose -7*p - 8*p = -8145. What is the units digit of p?
3
Suppose 8*i = 1003 + 157. Suppose 2*s = -3*s + i. What is the units digit of s?
9
Suppose 5*v + 60 + 10 = 0. Let p(d) = -10*d - 32. What is the hundreds digit of p(v)?
1
What is the thousands digit of 733*-3*16/(-24)?
1
Let y(u) = u**2 + 8*u - 2. Let w be y(6). Let b = w + -54. Let g = 44 - b. What is the units digit of g?
6
What is the tens digit of 1062/72 + -16 - 15578/(-8)?
4
Let b(t) = t**3 - 9*t**2 - 35*t - 16. Let d be b(12). What is the tens digit of -36*d/24*4?
2
Suppose 2*c = 5*b + 274, 422 = 3*c + 6*b - 8*b. Suppose c = 4*u + 2. What is the tens digit of u?
3
Suppose 0 = -5*z + 4*g + 18, -3*g = -4*z + g + 16. Suppose 4*i - 836 = -z*l, 2*i + 2*l = -3*i + 1046. What is the tens digit of 2/4 + i/12?
1
Suppose 0 = -3*i + 35 + 13. Let z = 6 + i. Suppose 0 = -2*v + z + 44. What is the units digit of v?
3
Suppose 0 = -4*c, -5*s + 2494 = 4*c - 1306. What is the units digit of s?
0
Let k(p) = -20 - 2*p**2 + p**2 + 2*p**2 - 211*p + 204*p. What is the hundreds digit of k(15)?
1
Suppose 5*d = 15, -2*s + 6*s - 3*d = -737. What is the tens digit of 10/20*s/(-1)?
9
Suppose 22*b = -b + 22241. What is the tens digit of b?
6
Let z(i) = -i**3 + 10*i**2 + 27*i - 8. Let m be z(12). What is the units digit of (-1)/(-4) - (-721)/m?
6
Suppose 2*y + 10 = 0, 2*r + 4*y = -0*r + 426. What is the units digit of r?
3
Let y = -25 + 23. Let z be (y/4)/(9/(-54)). What is the units digit of (-9)/6*(-114)/z?
7
Suppose 2*f = 5*h + 5*f - 124, 0 = 2*f - 6. Suppose -73 = -5*y - h. What is the units digit of y + -4*(-1)/(-2)?
8
What is the tens digit of (-37 + 3)*171/(-9)?
4
Let c = -114 + 118. Suppose b - 38 = c*p + 40, 3*p + 273 = 4*b. What is the tens digit of b?
6
Let z(g) = 15*g - 11. Let u be z(6). Suppose 0 = o - 2, -3*o - u = 4*j + 27. Let n = 48 + j. What is the tens digit of n?
2
Let d = 4 - -6. Suppose d = 3*y - 5. Suppose 10*n - 5*n = -5*b + 215, -y*b - 4*n = -219. What is the tens digit of b?
4
Let w(u) = u**3 - 14*u**2 + 5*u - 19. Let m(n) = n**3 - 8*n**2 + 10*n - 16. Let g be m(7). Suppose g*d = 2*d + 42. What is the units digit of w(d)?
1
Suppose 4*m - 2127 = -611. Suppose 0 = 7*j - m - 454. What is the units digit of j?
9
Suppose 0 = g - 8 - 0. Suppose -5*q = -3*z + 31, -q - g = 3*q. What is the units digit of z?
7
Let m = 2516 + -2178. What is the units digit of m?
8
Suppose 0 = -94*n + 97*n - 15, -3*n = 5*d - 9675. What is the units digit of d?
2
What is the hundreds digit of (-1436 - -4)/(-2) - 3?
7
What is the thousands digit of 29166/6 - 9 - (-2 + -3)?
4
Suppose -u = 5*d + u + 5427, -5*u = -2*d - 2194. Let v = -141 - d. What is the tens digit of 18/42 - v/(-14)?
6
Let w be (-1248)/(-90) - (-2)/15. What is the units digit of w/28 - 6/4 - -90?
9
Let f be (2 + -1)/(-3 - (-48)/15). Suppose -4*k - 276 + 753 = -f*m, 2*m = k - 117. What is the tens digit of k?
2
Let r(x) = x**3 - 4*x**2 - 3*x + 3. Let n be r(4). Let t = n + 5. What is the units digit of (-38)/(-4) - (-2)/t?
9
Let h be ((-36)/(-21))/(2/(-14)). Let j(u) = u + 14. Let i be j(h). Suppose 0*z = i*z - 82. What is the tens digit of z?
4
Let k = 621 + -619. Let i be 0/2 + 4*5. Suppose -5*z + k*z + 3*r + 60 = 0, -i = -z + 5*r. What is the units digit of z?
0
Suppose 341 = -3*r - 265. Let o = -88 - r. What is the units digit of o?
4
Let m = 11 + -5. Let d = 7 - 11. Let x = m + d. What is the units digit of x?
2
Suppose 7*y + 4*s = 2*y - 1368, -834 = 3*y - 2*s. Let o be (-29)/3 + (-24)/(-36). What is the units digit 